*p = 104*p + 15. Suppose p*f + 14 = 2*m, -f - 1 = 3. Let o(y) = 2*y + y - 2*y**3 - 5*y + 3*y**3 - y**2 + 1. Determine o(m).
-1
Let r(o) = -12*o - 24. Let j be r(-4). Suppose -2*d - 9 = -y, -5 = 3*y - 4*d - j. Let p(v) = -y + 7 - 1 - 8 - v. Give p(7).
-10
Suppose a = -4*d - 16, -4*a + 2 = 3*d + 1. Let g(q) = 3*q + 2*q**2 - a*q**2 - 3*q**2 - 2 + q**2. Calculate g(3).
-29
Let w(i) = -5*i - 1. Suppose -2*s - 2*s + 72 = 0. Suppose -p - 8*p = -s. Determine w(p).
-11
Let k = 459 - 460. Let j(h) be the first derivative of h**2 - h + 228. Give j(k).
-3
Let n(h) = 19*h - 46. Let y(c) = -16*c + 39. Let x(d) = -5*n(d) - 6*y(d). Calculate x(23).
19
Let r(c) be the second derivative of c**5/20 - c**4/2 - c**3/6 + 2*c**2 + 43319*c - 1. Let b(p) = 4*p - 1. Let k be b(4). Let t = k + -9. Determine r(t).
-2
Let r(a) = 2*a + 4. Let x be r(-18). Let c = x - -45. Let d(w) = 15*w. Let y(v) = 7*v. Let j(b) = c*y(b) - 6*d(b). What is j(6)?
6
Let l(z) = z + 16. Let g(q) = -2*q - 32. Let h(n) = -3*g(n) - 5*l(n). Let i be 2 + 2/((-4)/1)*4. What is h(i)?
16
Let a be (-2)/(-4)*(23 + 0 - -3). Suppose -a*r + 24*r = 33. Let g(s) = -3*s - 3. Determine g(r).
-12
Let f(w) be the second derivative of -w**4/12 + w**3/3 + 5*w**2/2 + 31*w. Let t = -269 - -274. Determine f(t).
-10
Let r = 138 + -136. Let t(n) = -n**2 + n. Determine t(r).
-2
Suppose 13 = w + 10. Let g(a) = -3*a + a - 8*a + w*a - 4 - a**2. Give g(-5).
6
Let f(p) = -p - 5. Let c(b) be the second derivative of -b**3/3 + 12*b**2 + 7*b. Let s be c(11). Suppose 0 = -3*d - s*d + 20. Determine f(d).
-9
Let d(j) = -j**2 - 5*j + 14. Suppose 8 = -19*g - 139 - 62. Determine d(g).
-52
Let k = -3107 + 3118. Let o(p) = 11*p - 1 - 7 - p**2 + 2 + 1. Give o(k).
-5
Let z(v) = v**3 + v**2. Let x(q) be the second derivative of -q**3/6 + 13*q. Let s be x(-8). Let y(j) = j**3 - 7*j**2 - 7*j - 9. Let g be y(s). Determine z(g).
0
Let w(y) = y**3 - 9*y**2 + 9*y + 3. Let v(f) be the third derivative of -5*f**4/8 - 19*f**3/3 - 5*f**2 - 7. Let t be v(-3). What is w(t)?
-32
Let w(j) be the second derivative of -j**3/3 + j**2 + 9*j. Suppose -24 = -4*r - 0*r - 2*v, 5*v = r - 17. Let u = 10 - r. Give w(u).
-4
Let t(f) = -2*f + 6. Let c(d) = 2*d - 5. Let o(v) = -4*c(v) - 3*t(v). Let p be 0/(-15) + 5*-1. Let b be p + (4 + -7 - -6). Determine o(b).
6
Let i(f) be the first derivative of 4*f + 17 - 3/2*f**2 - 1/3*f**3. Let g be i(-5). Let s(w) = w**2 + 7*w + 9. Determine s(g).
3
Let u be ((-2)/30)/(7 - (-344)/(-40)). Let z(o) be the third derivative of -u*o**4 + 0*o + 7/6*o**3 + 0 - 30*o**2. Determine z(5).
2
Let s(m) = 159 + 110 - 265 - 3*m. Determine s(4).
-8
Let r(i) be the second derivative of 0*i**2 - 1/6*i**4 - 43*i - 5/6*i**3 + 0. What is r(-6)?
-42
Suppose 4*s + 9*c = 12*c + 16, -3*s - 2*c = -29. Let j(a) = a**2 - 7*a - 3. Calculate j(s).
-3
Let d = -15070 + 15070. Let l(j) be the third derivative of 0 + j**2 - 1/24*j**4 + 0*j - 2/3*j**3. Determine l(d).
-4
Let h(f) = 2*f + 3. Let s(d) = d**3 + 7*d**2 + 3*d + 12. Let v(o) = o**3 + 7*o**2 + 3*o + 11. Let g(j) = -5*s(j) + 4*v(j). Let q be g(-7). Calculate h(q).
13
Suppose -64 + 14 = -10*j. Let b(r) = 3*r - 8*r**2 + 11*r**2 + 4 - 6*r**2 + r**2. Calculate b(j).
-31
Let j(g) = g - 31. Suppose 778 = 3*u + 3*i - 668, 466 = u + 5*i. Let y = -486 + u. What is j(y)?
-31
Let n(g) be the second derivative of g**4/12 - 5*g**3/3 + 15*g**2/2 - g - 485. Suppose 0*z + 3*z - 21 = 0. What is n(z)?
-6
Let t(j) be the first derivative of -5*j**2 + 328*j - 1167. Give t(33).
-2
Let l(k) = 6 + 11 - 10*k**2 - 11*k**2 + 10 - 23*k + 23*k**2. What is l(8)?
-29
Let a(p) be the first derivative of -p + 1 + 1/2*p**2. Let h be 198/(-88) + (-3)/4. What is a(h)?
-4
Let i(x) = -22*x**2 - 6 + 11*x**2 - 8*x + 13*x**2. Let k(j) = -j + 20. Let b(c) = 2*c**2 - 4*c - 2. Let f be b(4). Let p be k(f). What is i(p)?
18
Let y(j) = j**3 - 8*j**2 + 6*j - 7. Let m(h) = -2*h**3 - 21*h**2 + 57*h + 514. Let o be m(-11). Determine y(o).
41
Let d(f) = -f**3 - 6*f**2 + 4*f - 1. Let k be (398/5)/((-14)/(-10) + -1). Let q = k + -206. Determine d(q).
20
Let n(c) = -7*c - 1. Let y(j) = -43*j + 65*j - 31*j - 11. Let b be y(-12). Let i = b + -98. What is n(i)?
6
Let g(l) = -l**3 - l - 5. Suppose 0 = -19*m + 851 - 927. Give g(m).
63
Let m(q) = -q**3 + 23*q**2 + 24*q + 5. Let s be m(24). Let x(r) = -41 + 11 + s*r + 17 + 11. What is x(7)?
33
Let b be -1 + (-3)/6*-14 + -3. Suppose 30 = -4*a + 5*u - 10, a + 17 = b*u. Let n(j) = 2*j**2 + 9*j - 3. Give n(a).
2
Let d(v) = -3*v**3 + 3 + 5*v**3 + v**2 + 96*v - 92*v. Give d(-2).
-17
Suppose -15535 = 19*g - 15459. Let z(c) = 2*c - 4. Let r be z(3). Let h(u) = 5 + r*u + u + 0*u. Calculate h(g).
-7
Let l(n) = 0*n**2 + 2*n + 55 + 2*n**2 - 32 - 27*n - 4*n. What is l(13)?
-16
Let t(i) = -i**3 - 9*i**2 + 17*i + 8. Let d = -1251 + 1240. Calculate t(d).
63
Let c(t) be the third derivative of t**5/60 - 19*t**4/24 + 23*t**3/6 - 3765*t**2. Determine c(18).
5
Let q(w) = 2*w - 2 + 1 - 3. Let a(u) = 4*u**2 + 468*u - 1448. Let f be a(-120). Calculate q(f).
-20
Let t(j) = 6*j + 7 - 4*j - 3. Let f(l) = 83*l**2 + 19*l + 40. Let h be f(-2). Let c = h + -331. Give t(c).
10
Let h(p) = 25*p + 681. Let n be (755 + -753)*(-54)/4. Calculate h(n).
6
Suppose 3*d - 5*r = -0*d + 9, 2*d = 4*r + 6. Let f(g) = 5 + g - 5*g + d*g. Suppose 2*q = -2*t + 6, -4*q + 18 = -457*t + 455*t. What is f(q)?
1
Let a(y) = -y. Let p = -1974 - -1931. Let x = -133 + 93. Let v = x - p. Determine a(v).
-3
Let w(c) = 18*c. Let k(a) = 12*a. Let o(x) = 7*k(x) - 5*w(x). Suppose 3*z = 17*z - 18 - 94. Determine o(z).
-48
Let o(l) = 208065*l - 2*l**2 - 104052*l - 53 - 104072*l - 2*l**2. Give o(-14).
-11
Let y(b) be the first derivative of b**4/4 - 3*b**3 + 4*b**2 - 2*b - 239. Let z(o) = -o**2 + 7*o - 1. Let j be z(7). Let d be 0 + (-2 - j)*-8. Calculate y(d).
-2
Let n(g) = -g - 5. Let s(l) = -5*l + 45. Suppose -3*a + 17 = -13. Let i be s(a). Calculate n(i).
0
Let o be ((-14)/21)/(2/(-15)). Suppose o*u - 3 = 12, 0 = -3*m - 5*u. Let c(g) be the second derivative of g**4/12 + g**3 - g**2 + 231*g. Calculate c(m).
-7
Let b(n) = n**2 - 9*n - 5. Suppose -3*t + 27 = 6*t. Let z(w) = -w + 4*w - 250*w**3 + 249*w**t - 4*w**2. Let k be z(-5). Determine b(k).
5
Let g(j) = 46*j**2 + 95*j**2 - 234*j**2 - 96 - 7*j + 94*j**2. What is g(-7)?
2
Suppose 2 = -2*z + 3*r - 11, 19 = -2*z + r. Let t(u) = -5*u**2 - 7*u + 13. Let n(o) = 4*o**2 + 8*o - 13. Let x(h) = 4*n(h) + 3*t(h). Give x(z).
-13
Let x = -13169/6 - -6586/3. Let s(t) be the first derivative of 22 + 3*t + x*t**2. Determine s(-3).
0
Let r(p) = 64*p**3 - p + 6. Let g be r(-2). Let a = 506 + g. Let v(u) = 6*u + 1. Determine v(a).
13
Let b(s) = 2*s**2 - 4*s + 2. Let q(k) = 7*k + 48. Let n be q(-7). Let g be (-45)/(-25)*(n - -6). Suppose -g + 25 = 8*h. Calculate b(h).
2
Let c(u) = 5*u - 13. Let h(s) = 2*s**2 - 55*s + 165. Let v be h(24). What is c(v)?
-28
Let w(z) be the first derivative of -z**5/20 - 3*z**4/4 - 3*z**3/2 - 9*z**2/2 + 254*z + 231. Let r(i) be the first derivative of w(i). Determine r(-7).
-44
Let v(y) be the second derivative of 0*y**2 + 1/20*y**5 - 2/3*y**3 + 134*y + 0 + 1/3*y**4. Calculate v(-5).
-5
Let j(q) = 2*q + 31. Let k(a) = -5*a - 33. Let h(p) = -3*j(p) - 3*k(p). Calculate h(-2).
-12
Let x(c) = 189437*c**2 + 56*c - 405 - 378871*c**2 + 189436*c**2. Give x(6).
3
Let i be (4/1 + -3)*2. Suppose -i*z + 14 = -a - 0, 0 = -2*a. Let q(u) = -u**2 + 7*u + 6. What is q(z)?
6
Let a be -1*6/(-8) - (-52)/16. Suppose -2*v = -4*x + 8, 0*x - a*x + 32 = 2*v. Let i(r) = 0 + 3*r + 4 - r**2 + 0*r**2. What is i(v)?
-14
Let z be ((-18)/1)/2 + 9. Suppose z = 2*q + 8*q + 90. Let d(a) = 8*a + 2*a**2 + a**2 + 1 - 2*a**2. What is d(q)?
10
Let l(s) be the third derivative of s**4 - 19*s**3/6 - 169*s**2 + s + 1. What is l(4)?
77
Let h(g) = -34*g - 1. Let k(j) = 91*j - 157. Let a(u) = 2*h(u) + k(u). Calculate a(7).
2
Let k(d) = 13*d + 21. Suppose -5*b - 62 = -9*w - 30, 0 = 4*b + 3*w - 5. Determine k(b).
8
Let r(c) be the second derivative of 2*c**3 + 2*c**2 - 4*c - 111. Determine r(-2).
-20
Let d(t) = -9*t**2 + 19*t**2 + 153*t + 141*t - 269*t - 10 - 12*t**2. Give d(13).
-23
Let u = 50 + -44. Let c be ((-8)/20)/(u/(-30)). Let z(t) = 12*t - c + 1 - 17*t - 2. Give z(-2).
7
Let b(q) be the first derivative of q**2/2 - 17*q - 1. Let d(n) = -2838*n -